p = 6*p + 2663, 2*r - 2618 = -4*p. What are the prime factors of r?
1319
Let w(v) = 18*v**3 + v**2 - 1. Let y be w(1). Let m = -11 + y. Suppose 5*p = m*p - 40. List the prime factors of p.
2, 5
Let o = 263 + -148. Suppose 108 = -5*d - 137. Let s = o + d. What are the prime factors of s?
2, 3, 11
Let x be (-5840)/(-55) + (-4)/22. Suppose 0 = d - t - 36 - x, 4 = -2*t. What are the prime factors of d?
2, 5, 7
Let o(q) = -112*q + 16. Let g be o(-4). Suppose -18*s - g = -22*s. What are the prime factors of s?
2, 29
List the prime factors of (-4)/((-16)/22)*168.
2, 3, 7, 11
Suppose 0 = 15*f - 17*f + 16. Let l be 171 + 1 - (12 - f). Let r = 239 - l. What are the prime factors of r?
71
Suppose -37 = t - 42. Let a(z) = 2*z**3 - 4*z**2 - 6*z + 11. List the prime factors of a(t).
131
Suppose -10*b = -9*b - 4*h - 556, -h = -3*b + 1701. List the prime factors of b.
2, 71
Let y(w) = w**2 + 8*w + 9. Suppose 8*d - 3*d = 20. Let g be 1/d - (-450)/(-40). List the prime factors of y(g).
2, 3, 7
Suppose -9*x + 19*x - 7650 = 0. What are the prime factors of x?
3, 5, 17
Suppose 0*h - h - l = -6, 0 = 3*h + l - 26. Let o be (-14)/h + 15/(-25). Let r = o + 7. List the prime factors of r.
5
Let y(t) = 4*t**2. Suppose c + 10 = 11. Let d be y(c). Let l(u) = 11*u - 6. What are the prime factors of l(d)?
2, 19
Let b(v) = -v**2 + 4*v + 1. Let h be (-54)/(-24) - 1/4. Let c be b(h). Suppose -34 - 71 = -c*q. List the prime factors of q.
3, 7
Let h(j) = 158*j**2 - 11*j + 62. List the prime factors of h(5).
3, 1319
Let q be 2/4*120/(-10). Let m(n) = -n**3 - 4*n**2 - n - 6. List the prime factors of m(q).
2, 3
List the prime factors of 8/6 + (-10878)/(-63).
2, 3, 29
Suppose 5*g = 9*g + 12. Let z be (1 - -3)/(-2) - g. List the prime factors of (0 - 1)/(z/(-11)).
11
Suppose 2*x - 2*i - 968 = 0, 5*x - 1600 = 3*i + 830. List the prime factors of x.
3, 163
List the prime factors of 30411/54 + (-1)/6.
563
Let u be (-5)/4 + 5679/12. Suppose -46 - u = -7*y. What are the prime factors of y?
2, 37
List the prime factors of (38 - 3) + (-1)/((-1)/3).
2, 19
Let a be 59 + (-15)/(-3) + -3. Let p = a + -2. What are the prime factors of p?
59
Let r(k) = 3*k - 2. Let m be r(11). Let i(n) = 9*n + 2. Let p be i(-2). Let t = m + p. What are the prime factors of t?
3, 5
Let b(r) = 38*r**2 + 2*r + 3. List the prime factors of b(2).
3, 53
Suppose -35 = -4*d + 13. Suppose -d = 3*z, -2*z + 12 = 2*o - 22. What are the prime factors of o?
3, 7
Suppose -2*o + 125 = l, 6*l + 367 = 9*l + 2*o. List the prime factors of (l + -1)/(16 + -15).
2, 3, 5
What are the prime factors of -3 - (-2 + 3 + 1 + -718)?
23, 31
List the prime factors of 4/1 - (-1)/2*134.
71
Let v = -4 + 6. Suppose -30 = t + 4*t + 5*f, 0 = 3*t - f + v. Let w(q) = -9*q - 5. What are the prime factors of w(t)?
13
Let b(v) = -13*v + 2. Let r be b(4). Let f = 25 + r. What are the prime factors of -1 - (-2 - f/(-1))?
2, 13
Let r(d) be the first derivative of 2*d**3/3 - 7*d**2/2 + 4*d - 10. Let l(h) = h + 11. Let p be l(-6). List the prime factors of r(p).
19
Let b be 1/8 - 2975/56. Let q = b - -127. List the prime factors of q.
2, 37
Let h = 12 - 6. Suppose h*c - 322 = -c. What are the prime factors of c?
2, 23
Suppose 3823 = -8*x + 15391. List the prime factors of x.
2, 3, 241
Let y(p) = -p**2 + 10*p - 7. Let m be y(4). List the prime factors of (155 - m)*2/4.
3, 23
Let z(p) = p**3 + 12*p**2 - 9*p - 1. What are the prime factors of z(-9)?
17, 19
What are the prime factors of 39*5/((-15)/(-9))?
3, 13
Let q be 1*2/(-1) + (-12)/(-3). Suppose 0 = 5*n + 15, -n + 129 = -c + q*c. What are the prime factors of c?
2, 3, 11
Suppose -53 = -2*t + 65. Let f = 103 - t. List the prime factors of f.
2, 11
Let l = 129 + 36. Suppose 0*n = 5*n - l. What are the prime factors of n?
3, 11
Let w = -582 + 394. Let z = -134 - w. Let f = z - 20. List the prime factors of f.
2, 17
Suppose -4 = -p - p. Let j(h) = -6*h - p - 9*h - 2. List the prime factors of j(-2).
2, 13
List the prime factors of (-132396)/(-121) + 8/(-44).
2, 547
Let r = -479 + 813. List the prime factors of r.
2, 167
Let z(v) be the second derivative of v**4/24 - v**3/6 + 2*v**2 - 4*v. Let t(c) be the first derivative of z(c). What are the prime factors of t(5)?
2
Suppose -79*q + 47495 + 54652 = 0. What are the prime factors of q?
3, 431
Let d be (-8)/52 + (-74)/26. Let b(v) = -v**3 + 3*v + 6. Let p be b(d). Let a = 49 - p. What are the prime factors of a?
5
Suppose 0 = 5*p - 2*l - 69, 2*l - 66 = 2*p - 6*p. Suppose -d + 5 = -p. Suppose 0*v + d = v. List the prime factors of v.
2, 5
Let p(h) = -28*h + 116. What are the prime factors of p(-7)?
2, 3, 13
Let u = -6 + 10. Suppose u*w + 10 = 2*k, k - 4 = -w - 5. Let t(y) = 2*y**2 + 1. List the prime factors of t(w).
3
What are the prime factors of (6 + -5)/(2/2462)?
1231
Suppose 4*w + 25*s - 24*s = 11044, 0 = 3*s - 12. List the prime factors of w.
2, 3, 5, 23
Let r(p) = 4*p - 3. Let a be r(2). Suppose -3*m + a*g = -7, 3*m - 3*g - 4 = m. List the prime factors of (1/(-5))/(m/25).
5
Let x be 1/2*(0 + 4). Suppose 25 = -5*f - x*q, q = -f + 1 - 9. List the prime factors of (-11)/(-1) + f/1.
2
Suppose c + 16 = 5*c. Suppose -o = c*a - 79, 5*o - 490 = a - 2*a. List the prime factors of o.
3, 11
Let q(a) = -a**3 - 3*a**2 + 7*a + 1. Let o be q(-5). Suppose 4*n = -0*n - o, -3*m = 3*n - 153. Suppose 2*u - m = -19. What are the prime factors of u?
2, 3
Let g be (-124)/(-5)*(-1 + (0 - -6)). Suppose 0 = 5*p - 606 + 181. Let f = g - p. What are the prime factors of f?
3, 13
Let a = -38 + -7. Let v = a + 93. Suppose n = 2*z - 0*z - v, 0 = 2*z + 4*n - 58. List the prime factors of z.
5
List the prime factors of (4678/6)/(2/6).
2339
Let j(d) = 3 + 3 - 21*d + 1 - 5. Let y be j(-3). Suppose 13 = 3*x - y. What are the prime factors of x?
2, 13
What are the prime factors of 1762 - (-8)/8 - 1?
2, 881
What are the prime factors of (-237632)/(-112) - 4/(-14)?
2, 1061
Suppose 110*j + 73740 = 140*j. List the prime factors of j.
2, 1229
Suppose 3*y - 5*p - 263 = 0, 12*y = 7*y + 4*p + 460. What are the prime factors of y?
2, 3
Let k(a) = -a**2 - 3*a + 26. Let i be k(9). Let p = 223 + i. List the prime factors of p.
3, 47
Suppose -24 = 11*r - 101. Suppose 5*f = -r*f + 84. List the prime factors of f.
7
Let w be (122 - 11)*(-2)/(-3). Let f = w + -33. Suppose -f*y = -36*y - 375. List the prime factors of y.
3, 5
Let v(y) = y + 5. Let q be v(0). Suppose 0*l - 2*p - 168 = -3*l, 5*p - 305 = -q*l. Suppose -2*w + l = 24. List the prime factors of w.
17
Let h = -2516 + 5177. List the prime factors of h.
3, 887
Let z = 577 - 323. Let n = z - 169. List the prime factors of n.
5, 17
Suppose -5*r = -0*r - 355. Suppose -109 = -3*x + w, x - 3*x + w = -r. Suppose 4*g - 2*m - x = 0, 2*g + 5*m - 9 - 4 = 0. List the prime factors of g.
3
Let h be 1/(3/(-258)) + (-2 - -1). Let o = 166 + h. What are the prime factors of o?
79
Let s(d) = -48*d**3 + 3*d**2 + d - 1. Let v be s(-1). Let p = 167 - v. List the prime factors of p.
2, 59
Let h(l) = -246*l - 421. What are the prime factors of h(-6)?
5, 211
Suppose 3*m - 77 = 2*l - 2*m, -5*l - m = 125. What are the prime factors of (l/4)/(22/(-1012))?
13, 23
Let i(x) = x**3 + 11*x**2 - 4*x - 16. Suppose 18 - 29 = v. What are the prime factors of i(v)?
2, 7
Suppose -n + 7 = 2. Suppose z + 15 = -10. What are the prime factors of (-4)/n - 920/z?
2, 3
Let s = -11 - -23. Suppose -4 = 2*x + s. Let i = x - -14. List the prime factors of i.
2, 3
Let m(r) = -6*r + 15. Let j be m(0). List the prime factors of j/(-45) + 724/3.
241
List the prime factors of 2987/(-29)*(-1 - 1).
2, 103
Let q(c) = c - 1. Let a be q(5). Let y(d) = 6*d + 87. Let g be y(-14). Suppose 0*p - p + 23 = -g*l, 0 = -2*p - 4*l - a. List the prime factors of p.
2
Let m = -247 - -413. Suppose 4*u = -3*r + 304, u + u = -5*r + m. List the prime factors of u.
73
Suppose 2*v + t = -3*t + 40, -5*t = v - 23. Let h = v - -3. Suppose 6 = -2*s + 4*s, 0 = -3*q + s + h. List the prime factors of q.
2
Suppose -2*h = -4*u - 360, 4*h + 0*u - 2*u - 696 = 0. Let c = h - 88. What are the prime factors of c?
2, 3, 7
Let h be 2*9/(-6) - -31. Let o = 83 - h. List the prime factors of o.
5, 11
Let i = 723 - 503. Suppose i = 4*d - 0*d. What are the prime factors of d?
5, 11
Let d(z) = 1510*z**3 - 3*z**2 + 7*z - 3. What are the prime f